*u + 2*u. What is the hundreds digit of c*9*(-28)/6?
1
Let t(m) = -16*m + 102. Let f be t(-10). Suppose -k - 3*o = -2*k + f, o = 2*k - 544. What is the hundreds digit of k?
2
Let g = 47 + -43. Suppose 0 = 4*w, 2*h + 4*w + 2030 = g*h. Suppose -s = -5*l + 3*s + h, -4*s + 609 = 3*l. What is the tens digit of l?
0
Let v = -20127 - -32638. What is the thousands digit of v?
2
Let u(z) = z - 17. Let d be u(19). Suppose -345 = -2*b - q + 242, 0 = -3*b + d*q + 870. What is the tens digit of b?
9
Let c(f) = 10*f + 25. Suppose -4*l - 2 = -6. Let q = 7 - l. What is the tens digit of c(q)?
8
What is the tens digit of ((-40)/12 - 2135/30)/(2/(-188))?
0
Let a(w) = 2*w**3 - 16*w**2 + 4*w + 6. What is the tens digit of a(18)?
5
Suppose -15126 + 3158 = 32*u. Let j = 539 + u. What is the tens digit of j?
6
Suppose s - 113824 = -14*s - s. What is the tens digit of s?
1
Let h = -11 + 14. Suppose -4*q = 4*c + 8 - 0, 5*c = -h*q. Suppose -l + c*l = 42. What is the tens digit of l?
2
Let s be 2 + 82 + (12 - 8). Let w = s - -978. What is the units digit of w?
6
Let u(y) = -34*y + 7. Let x = -83 + 77. What is the hundreds digit of u(x)?
2
Let c(j) = -j**2 - 12*j + 437. Let l be c(-23). Let x(s) = 2*s**2 - 2*s. Let m be x(6). Let b = m + l. What is the units digit of b?
4
Suppose -4*y + 8*y + 2*a = 2034, -3*y = -5*a - 1545. Suppose -13*n - y = -15*n. What is the tens digit of n?
5
Let n(x) = 5*x**2 + x - 15. Let d be n(-7). Let w = -146 + d. What is the units digit of w?
7
Let m(u) = 147*u + 2175. What is the hundreds digit of m(35)?
3
Let r(o) = 15*o**2 - 23*o + 777. What is the tens digit of r(26)?
1
Suppose 82*y = 87*y - 20. Suppose y*q = 2*k - 2476, -3*q + 2149 = -4*k + 7081. What is the hundreds digit of k?
2
Suppose -2*n = 2*p - 5006, -9*p + 14*p - 12509 = n. What is the tens digit of p?
0
Let n be 3*1/(-3) - -724. Let i = -432 + n. What is the units digit of i?
1
Let q = 3521 - 3550. Suppose -f - 3*x = 59, 2*f + 3*f + x + 225 = 0. Let m = q - f. What is the units digit of m?
5
Suppose -1210*q + 1432 = -1202*q. Let j = -190 - -341. Suppose q + j = 2*l + 3*y, 4*l - 5*y - 616 = 0. What is the tens digit of l?
5
Let r(t) = -t + 27. Let o be r(23). Let s(j) = j**3 + 7*j**2 - 9*j - 2. Let c be s(-8). Suppose c*q = o*q + 218. What is the units digit of q?
9
Suppose -4*p = -j + 229, p + 2*p - j + 173 = 0. Let f be (18/(-21))/(8/p). Let r = 55 - f. What is the tens digit of r?
4
Suppose 0 = -30*y + 302626 + 80714. What is the units digit of y?
8
Let u(l) = 5*l. Let y be u(-1). Let w(x) = 2*x + 5. Let h(o) = 3*o + 11. Let t(q) = 2*h(q) - 5*w(q). What is the tens digit of t(y)?
1
Let z = 36714 + 4070. What is the units digit of z?
4
Suppose -4*o + 368 = -2*o - 4*q, 5*o = -4*q + 864. Suppose 5*n - o = 174. What is the units digit of n?
0
Let j(c) = 21*c**3 + 9*c**2 + 9*c - 44. What is the thousands digit of j(6)?
4
Let a = 407 + -259. Let s = -126 - -302. Suppose -2*v - 3*t + s = 0, 4*t = 4*v - 2*v - a. What is the units digit of v?
2
Suppose -3*a = 2*c - 34, -9 + 5 = -2*a. Suppose -4*t + 5*k = k - 20, 2*k = -2*t + c. Let d(p) = -p**3 + 12*p**2 + 2. What is the units digit of d(t)?
8
Let a(o) = o + 140. Let z(c) = -c**3 + 5*c**2 + 9*c + 35. Let b be z(7). What is the units digit of a(b)?
0
Let o(b) = -76*b + 66 + 2*b + 25*b. What is the units digit of o(-6)?
0
Let a(s) = s**2 - 36*s - 205. Let p be a(-5). Let t be 2/(2/(-4)*-1). Suppose p*o - 5*o - 4*f + 482 = 0, 2*o - 204 = t*f. What is the units digit of o?
8
Let u(b) = -b**2 - 35*b + 22. Let m(z) be the first derivative of -2*z**3/3 - 17*z**2 + 23*z + 6. Let h(k) = 3*m(k) - 4*u(k). What is the tens digit of h(16)?
7
Suppose -133*s + 2106810 = -14*s - 1115948. What is the units digit of s?
2
Suppose 26*w - 208 = -0*w. What is the units digit of (-260)/w*238/(-35)?
1
Suppose 3*b + 33 = d - 129, -d + 138 = 5*b. Suppose 687 = 156*k - d*k. What is the hundreds digit of k?
2
What is the hundreds digit of 35*(3 - 0) - 75/(-15)?
1
Let d(c) = -1299*c + 195. What is the tens digit of d(-11)?
8
Let t be 15/3 - -1178*(-1)/(-2). Suppose -7 = z - t. What is the hundreds digit of z?
5
Let i = -198 - -137. Let m = i - -197. What is the units digit of m?
6
Let h(y) be the third derivative of 41*y**5/20 - 7*y**4/24 - 2*y**3/3 + 3*y**2 + 23*y. What is the hundreds digit of h(-2)?
5
Let r(u) = 58*u**2 + 51*u + 822. What is the thousands digit of r(-12)?
8
Suppose 3*c - 78 = -63. Suppose -1508 = -3*x + x - c*r, 0 = 2*x - r - 1508. What is the units digit of x?
4
Suppose -4*g - 51*y + 48*y + 21319 = 0, 5*g = 4*y + 26703. What is the units digit of g?
5
Let o(q) = -2*q**3 - 7*q**2 + q + 5. Let u be o(-5). Let f be ((-175)/14)/((-1)/14). Suppose 2*j + d - f = -0*j, j + 3*d = u. What is the tens digit of j?
9
Let k = -722 + 724. Suppose x = -1, k*x + 541 = -5*q + 6*q. What is the units digit of q?
9
Let h = 1 + -3. Let v be (3 - 1) + ((-4)/h)/(-1). What is the tens digit of ((-472)/(-24))/((-1)/(-3) - v)?
5
Suppose -5*k = -3*z + 76, z + 84 = 5*z + 2*k. Suppose -195 = -2*t - x, -t - 5*x + 71 + z = 0. What is the units digit of t?
8
Let q(o) = 52*o + 8. Let i be q(1). Suppose 0*b = b - i. Suppose -b - 363 = -3*z. What is the hundreds digit of z?
1
Let o(v) = -81*v + 42. Let m be o(-15). Suppose 5*t - m = 2*t. What is the hundreds digit of t?
4
Let t = -9 - -13. Suppose 4*n = t, -n + 17 = p + 3*n. Suppose -p*o + 1327 = 326. What is the units digit of o?
7
Suppose 0 = -2*n - 3*b + 77, -b = -1 - 0. Let i = -37 + n. Suppose i = -2*v - v + 117. What is the tens digit of v?
3
Let x(r) = 98*r - 85. Let d be x(14). Let a = d + -649. What is the tens digit of a?
3
Suppose 3*x = i + 50529, -5*i + 28124 + 22405 = 3*x. What is the units digit of x?
3
Let g = -267 - -481. Suppose 0 = -3*x - 5*o + g, -5*x - 3*o + 335 = -43. Suppose 0 = 2*p - x - 80. What is the units digit of p?
9
Let m = -48 - -52. Let u(k) = k**2 - 3*k. Let l be u(m). Let t(b) = 4*b**2 + 3*b + 1. What is the units digit of t(l)?
7
Let c(z) = -22*z**3 - 2*z**2 - 8*z. Let y be (-23)/92 + 2 + (-69)/12. What is the hundreds digit of c(y)?
4
Suppose 3*k - 46 = -j, j - 12 - 41 = 4*k. Suppose -3*s + 491 = 2*s + 4*g, 5*g + 104 = s. Let l = s - j. What is the tens digit of l?
5
Suppose 5*o - 18091 = -2*l, 4*o + 4*l - 18054 = -3574. What is the units digit of o?
7
Suppose 2*o + 233 - 231 = 0, -2*o = v - 1982. What is the tens digit of v?
8
Suppose 4*d - 269862 = 2*u, -5*u + 0*u - d - 674688 = 0. What is the units digit of 6 + (u/(-145) - 2/(-5))?
7
Let n(l) = -15*l - 4. Let u = -29 - -29. Let v = -6 + u. What is the units digit of n(v)?
6
Let f(b) = b**2 + 33*b + 263. Let a be f(-13). Let m be 1/5 + (-70)/(-25). Suppose a*j = m*w + 39, j + w = -4*w + 25. What is the tens digit of j?
1
Let n = -100 - -1073. Suppose -56*w = -55*w - n. What is the hundreds digit of w?
9
Suppose -2068 = -5*p - 408. Let v = -23 + p. What is the units digit of v?
9
Suppose -3 = -i, 342 = 2*h + 6*i - 4*i. Let s = h + -101. What is the tens digit of s?
6
What is the units digit of (-5)/5*7598/(-29)?
2
Let a = 6885 + -1222. What is the units digit of a?
3
Let g = 41 - 41. Suppose 2*q + 120 = -2*k, -4*k - 3*q - 141 - 98 = g. Let m = -10 - k. What is the units digit of m?
9
Suppose 0 = -5*n + 4*u + 5 + 55, -u = 5. What is the hundreds digit of (-10)/n*-614*20/25?
6
Let c(l) = 155*l**2 - 5*l - 21. Suppose 0 = y - 0*s + 4*s - 13, -5*s = 5*y - 5. What is the units digit of c(y)?
9
Let n = -34 - -43. Suppose 3*y = -0*y - s - 1, y - 4*s + n = 0. Let l = y + 17. What is the tens digit of l?
1
Suppose -25*o = -242495 + 51045. Suppose -6*l = -13*l + o. What is the units digit of l?
4
Suppose 28512 = -8*b + 88413 + 100587. What is the ten thousands digit of b?
2
Let z = -4971 - -11133. What is the tens digit of z?
6
Let p(c) = 107*c + 74 - 203*c + 97*c. What is the units digit of p(14)?
8
Suppose 0 = 6*u - u + 45. Let a be (-1188)/(-231)*(1 + (-51)/9). What is the units digit of u/(((-2)/a)/((-4)/8))?
4
Suppose 0 = -f + 4*u + 52, 5*f + 0*u - 175 = 3*u. What is the thousands digit of (-1305*(-2)/3)/(24/f)?
1
Let q(n) = -14*n**3 - 20*n**2 + 89*n + 1504. What is the thousands digit of q(-15)?
2
Let i(n) = 2*n**2 + 2*n + 40. Let y be i(0). Suppose 5*p - 550 = -2*u, -4*u - 70 - y = -p. Let o = 198 - p. What is the tens digit of o?
8
Suppose